{"id":92,"date":"2021-03-23T23:06:04","date_gmt":"2021-03-23T22:06:04","guid":{"rendered":"http:\/\/www.marc-salzmann-marketing.de\/?page_id=92"},"modified":"2024-02-07T19:43:24","modified_gmt":"2024-02-07T18:43:24","slug":"coaching","status":"publish","type":"page","link":"https:\/\/www.marc-salzmann-marketing.de\/?page_id=92","title":{"rendered":"Coaching"},"content":{"rendered":"<p>&nbsp;<\/p>\n<p><span style=\"font-family: verdana, geneva; font-size: 16pt;\">Sehr geehrte Leser,<\/span><\/p>\n<p>&nbsp;<\/p>\n<p><span style=\"font-family: verdana, geneva; font-size: 16pt;\">Meine Texte \u00fcber die Coachings sind auf der Website bewu\u00dft knapp gehalten. Die genauen Inhalte, Preise, Zeitr\u00e4ume, Modalit\u00e4ten etc. teile ich Ihnen gerne auf Anfrage unter <a href=\"mailto:office@marc-salzmann-marketing.de\">office@marc-salzmann-marketing.de<\/a> in Form eines konkreten Angebotes mit.<\/span><\/p>\n<p><span style=\"font-family: verdana, geneva; font-size: 16pt;\">Bitte nutzen Sie f\u00fcr die einzelnen Coachings die Men\u00fcf\u00fchrung unter dem Punkt Coaching.<\/span><\/p>\n<p>&nbsp;<\/p>\n<p>&nbsp;<\/p>\n","protected":false},"excerpt":{"rendered":"<p>&nbsp; Sehr geehrte Leser, &nbsp; Meine Texte \u00fcber die Coachings sind auf der Website bewu\u00dft knapp gehalten. Die genauen Inhalte, Preise, Zeitr\u00e4ume, Modalit\u00e4ten etc. teile ich Ihnen gerne auf Anfrage unter office@marc-salzmann-marketing.de in Form eines konkreten Angebotes mit. Bitte nutzen Sie f\u00fcr die einzelnen Coachings die Men\u00fcf\u00fchrung unter dem Punkt Coaching. &nbsp; &nbsp;<\/p>\n","protected":false},"author":1,"featured_media":0,"parent":2,"menu_order":0,"comment_status":"closed","ping_status":"closed","template":"","meta":{"footnotes":""},"class_list":["post-92","page","type-page","status-publish","hentry"],"_links":{"self":[{"href":"https:\/\/www.marc-salzmann-marketing.de\/index.php?rest_route=\/wp\/v2\/pages\/92","targetHints":{"allow":["GET"]}}],"collection":[{"href":"https:\/\/www.marc-salzmann-marketing.de\/index.php?rest_route=\/wp\/v2\/pages"}],"about":[{"href":"https:\/\/www.marc-salzmann-marketing.de\/index.php?rest_route=\/wp\/v2\/types\/page"}],"author":[{"embeddable":true,"href":"https:\/\/www.marc-salzmann-marketing.de\/index.php?rest_route=\/wp\/v2\/users\/1"}],"replies":[{"embeddable":true,"href":"https:\/\/www.marc-salzmann-marketing.de\/index.php?rest_route=%2Fwp%2Fv2%2Fcomments&post=92"}],"version-history":[{"count":11,"href":"https:\/\/www.marc-salzmann-marketing.de\/index.php?rest_route=\/wp\/v2\/pages\/92\/revisions"}],"predecessor-version":[{"id":789,"href":"https:\/\/www.marc-salzmann-marketing.de\/index.php?rest_route=\/wp\/v2\/pages\/92\/revisions\/789"}],"up":[{"embeddable":true,"href":"https:\/\/www.marc-salzmann-marketing.de\/index.php?rest_route=\/wp\/v2\/pages\/2"}],"wp:attachment":[{"href":"https:\/\/www.marc-salzmann-marketing.de\/index.php?rest_route=%2Fwp%2Fv2%2Fmedia&parent=92"}],"curies":[{"name":"wp","href":"https:\/\/api.w.org\/{rel}","templated":true}]}}