{"id":812,"date":"2024-05-29T23:20:18","date_gmt":"2024-05-29T21:20:18","guid":{"rendered":"https:\/\/www.marc-salzmann-marketing.de\/?page_id=812"},"modified":"2024-05-29T23:38:56","modified_gmt":"2024-05-29T21:38:56","slug":"karate-als-bewegungsform-in-der-betrieblichen-gesundheitsfoerderung","status":"publish","type":"page","link":"https:\/\/www.marc-salzmann-marketing.de\/?page_id=812","title":{"rendered":"Karate als Bewegungsform &#8211; Coaching in der betrieblichen Gesundheitsf\u00f6rderung"},"content":{"rendered":"<p>&nbsp;<\/p>\n<p><strong><span style=\"font-family: verdana, geneva; font-size: 16pt;\">Betriebliche Gesundheitsf\u00f6rderung mittels Kampfkunst<\/span><\/strong><\/p>\n<p><span style=\"font-family: verdana, geneva; font-size: 16pt;\">Betriebliches Gesundheitsmanagement &#8211; und damit auch die Pr\u00e4vention durch eine angepa\u00dfte Gesundheitsf\u00f6rderung &#8211; gewinnen in den heutigen Firmen immer mehr an Bedeutung. Gesunde und motivierte Mitarbeiter sind der Garant f\u00fcr ein leistungstarkes und stabiles Team. Und ersparen der Firma Folgekosten durch gesundheitliche Sch\u00e4den.<\/span><\/p>\n<p>&nbsp;<\/p>\n<p><img loading=\"lazy\" decoding=\"async\" class=\" wp-image-814 aligncenter\" src=\"https:\/\/www.marc-salzmann-marketing.de\/wp-content\/uploads\/2024\/05\/sunset-5051290_960_720-300x169.jpg\" alt=\"\" width=\"797\" height=\"449\" srcset=\"https:\/\/www.marc-salzmann-marketing.de\/wp-content\/uploads\/2024\/05\/sunset-5051290_960_720-300x169.jpg 300w, https:\/\/www.marc-salzmann-marketing.de\/wp-content\/uploads\/2024\/05\/sunset-5051290_960_720-768x432.jpg 768w, https:\/\/www.marc-salzmann-marketing.de\/wp-content\/uploads\/2024\/05\/sunset-5051290_960_720-540x304.jpg 540w, https:\/\/www.marc-salzmann-marketing.de\/wp-content\/uploads\/2024\/05\/sunset-5051290_960_720.jpg 960w\" sizes=\"auto, (max-width: 797px) 100vw, 797px\" \/><\/p>\n<p>&nbsp;<\/p>\n<p><strong><span style=\"font-family: verdana, geneva; font-size: 16pt;\">Regelm\u00e4\u00dfige Pausen f\u00fcr K\u00f6rper und Geist<\/span><\/strong><\/p>\n<p><span style=\"font-family: verdana, geneva; font-size: 16pt;\">Regelm\u00e4\u00dfige Bewegungspausen, gerade im B\u00fcro, helfen den Mitarbeitern die Muskeln zu lockern, Verspannungen zu beheben und wieder Atem zu sch\u00f6pfen.<\/span><\/p>\n<p><span style=\"font-family: verdana, geneva; font-size: 16pt;\">Wenn Sie dies mit der althergebrachten Kampfkunst des <strong>Goju-Ryu-Karate<\/strong> einmal versuchen wollen &#8211; hier ist Ihre Gelegenheit!<\/span><\/p>\n<p><span style=\"font-family: verdana, geneva; font-size: 16pt;\">Gesundheit und Atmung waren und sind der Kampfkunst ein stets pr\u00e4sentes Thema, und der inzwischen leider verstorbene Hanshi Fritz N\u00f6pel entwickelte gar seine &#8222;Jukuren&#8220;-Techniken speziell f\u00fcr \u00c4ltere. Ihr B\u00fcroteam muss also nicht aus Athleten bestehen! Versuchen Sie doch einmal Ihre Bewegungspause mit dem flair asiatischer Lampfkunst und Atmung zu verbinden!<br \/>\n<\/span><\/p>\n<p>&nbsp;<\/p>\n<p><span style=\"font-family: verdana, geneva; font-size: 16pt;\"><strong>Preise<\/strong><\/span><\/p>\n<p><span style=\"font-family: verdana, geneva; font-size: 16pt;\">150,- \u20ac zzgl. MwSt. pro Stunde &#8211; Teilnehmeranzahl beliebig<br \/>\n<\/span><\/p>\n<p>&nbsp;<\/p>\n<p><span style=\"font-family: verdana, geneva; font-size: 16pt;\"><strong>Buchung<\/strong><\/span><\/p>\n<p><span style=\"font-family: verdana, geneva; font-size: 16pt;\">Schreiben Sie mir einfach per email unter <a href=\"mailto:office@marc-salzmann-marketing.de\">office@marc-salzmann-marketing.de<\/a>, am besten gleich mit Ihren Terminw\u00fcnschen. Wir finden dann einen Termin. Normalerweise nehme ich termine allerdings mit einem zeitlichen Vorlauf von etwa 4 Wochen an.<br \/>\n<\/span><\/p>\n<p>&nbsp;<\/p>\n<p><span style=\"font-family: verdana, geneva; font-size: 16pt;\">Falls Kampfkunst Sie interessiert, schauen Sie doch einmal mein Sonderprojekt &#8222;Der Weg der leeren H\u00e4nde&#8220; an! <\/span><\/p>\n<p>&nbsp;<\/p>\n<p>&nbsp;<\/p>\n<p>&nbsp;<\/p>\n<p>&nbsp;<\/p>\n<div id=\"s3gt_translate_tooltip_mini\" class=\"s3gt_translate_tooltip_mini_box\" style=\"background: initial !important; border: initial !important; border-radius: initial !important; border-spacing: initial !important; border-collapse: initial !important; direction: ltr !important; flex-direction: initial !important; font-weight: initial !important; height: initial !important; letter-spacing: initial !important; min-width: initial !important; max-width: initial !important; min-height: initial !important; max-height: initial !important; margin: auto !important; outline: initial !important; padding: initial !important; position: absolute; table-layout: initial !important; text-align: initial !important; text-shadow: initial !important; width: initial !important; word-break: initial !important; word-spacing: initial !important; overflow-wrap: initial !important; box-sizing: initial !important; display: initial !important; color: inherit !important; font-size: 13px !important; font-family: X-LocaleSpecific, sans-serif, Tahoma, Helvetica !important; line-height: 13px !important; vertical-align: top !important; white-space: inherit !important; left: 10px; top: 35px; opacity: 0.55;\">\n<div id=\"s3gt_translate_tooltip_mini_logo\" class=\"s3gt_translate_tooltip_mini\" title=\"Markierten Text \u00fcbersetzen\"><\/div>\n<div id=\"s3gt_translate_tooltip_mini_sound\" class=\"s3gt_translate_tooltip_mini\" title=\"Abspielen\"><\/div>\n<div id=\"s3gt_translate_tooltip_mini_copy\" class=\"s3gt_translate_tooltip_mini\" title=\"In Zwischenablage kopieren\"><\/div>\n<\/div>\n<p>&nbsp;<\/p>\n","protected":false},"excerpt":{"rendered":"<p>&nbsp; Betriebliche Gesundheitsf\u00f6rderung mittels Kampfkunst Betriebliches Gesundheitsmanagement &#8211; und damit auch die Pr\u00e4vention durch eine angepa\u00dfte Gesundheitsf\u00f6rderung &#8211; gewinnen in den heutigen Firmen immer mehr an Bedeutung. Gesunde und motivierte Mitarbeiter sind der Garant f\u00fcr ein leistungstarkes und stabiles Team. Und ersparen der Firma Folgekosten durch gesundheitliche Sch\u00e4den. &nbsp; &nbsp; Regelm\u00e4\u00dfige Pausen f\u00fcr K\u00f6rper und&hellip;<\/p>\n","protected":false},"author":1,"featured_media":0,"parent":92,"menu_order":0,"comment_status":"closed","ping_status":"closed","template":"","meta":{"footnotes":""},"class_list":["post-812","page","type-page","status-publish","hentry"],"_links":{"self":[{"href":"https:\/\/www.marc-salzmann-marketing.de\/index.php?rest_route=\/wp\/v2\/pages\/812","targetHints":{"allow":["GET"]}}],"collection":[{"href":"https:\/\/www.marc-salzmann-marketing.de\/index.php?rest_route=\/wp\/v2\/pages"}],"about":[{"href":"https:\/\/www.marc-salzmann-marketing.de\/index.php?rest_route=\/wp\/v2\/types\/page"}],"author":[{"embeddable":true,"href":"https:\/\/www.marc-salzmann-marketing.de\/index.php?rest_route=\/wp\/v2\/users\/1"}],"replies":[{"embeddable":true,"href":"https:\/\/www.marc-salzmann-marketing.de\/index.php?rest_route=%2Fwp%2Fv2%2Fcomments&post=812"}],"version-history":[{"count":12,"href":"https:\/\/www.marc-salzmann-marketing.de\/index.php?rest_route=\/wp\/v2\/pages\/812\/revisions"}],"predecessor-version":[{"id":827,"href":"https:\/\/www.marc-salzmann-marketing.de\/index.php?rest_route=\/wp\/v2\/pages\/812\/revisions\/827"}],"up":[{"embeddable":true,"href":"https:\/\/www.marc-salzmann-marketing.de\/index.php?rest_route=\/wp\/v2\/pages\/92"}],"wp:attachment":[{"href":"https:\/\/www.marc-salzmann-marketing.de\/index.php?rest_route=%2Fwp%2Fv2%2Fmedia&parent=812"}],"curies":[{"name":"wp","href":"https:\/\/api.w.org\/{rel}","templated":true}]}}