{"id":303,"date":"2021-04-14T11:58:24","date_gmt":"2021-04-14T09:58:24","guid":{"rendered":"http:\/\/www.marc-salzmann-marketing.de\/?page_id=303"},"modified":"2021-09-15T01:39:21","modified_gmt":"2021-09-14T23:39:21","slug":"personal-und-fuehrung","status":"publish","type":"page","link":"https:\/\/www.marc-salzmann-marketing.de\/?page_id=303","title":{"rendered":"Personal und F\u00fchrung"},"content":{"rendered":"<p>&nbsp;<\/p>\n<p><span style=\"font-family: verdana, geneva; font-size: 16pt;\"><strong>Der Mensch und sein Wert<\/strong><\/span><\/p>\n<p><span style=\"font-family: verdana, geneva; font-size: 16pt;\">Von Geburt an hat der Mensch Wert. Diese Wahrheit scheint im Unternehmensalltag oft vergessen. Neben der moralischen Frage, ob dies so sein sollte, dr\u00fcckt aber auch die \u00f6konomische Realit\u00e4t: Unzufriedene und schlecht behandelte oder ineffektiv gef\u00fchrte Mitarbeiter sind der Unternehmung wenig n\u00fctzlich.<\/span><\/p>\n<p>&nbsp;<\/p>\n<div id=\"attachment_376\" style=\"width: 1034px\" class=\"wp-caption aligncenter\"><img loading=\"lazy\" decoding=\"async\" aria-describedby=\"caption-attachment-376\" class=\"wp-image-376 size-large\" src=\"https:\/\/www.marc-salzmann-marketing.de\/wp-content\/uploads\/2021\/04\/team-4529717_1920-1024x683.jpg\" alt=\"\" width=\"1024\" height=\"683\" \/><p id=\"caption-attachment-376\" class=\"wp-caption-text\"><\/span> <span style=\"font-family: verdana, geneva; font-size: 16pt;\">Personalmanagement ist der Schl\u00fcssel zum Gelingen<\/span><\/p><\/div>\n<p>&nbsp;<\/p>\n<p><span style=\"font-family: verdana, geneva; font-size: 16pt;\"><strong>Mensch und Wirtschaftlichkeit sind kein Widerspruch<\/strong><\/span><\/p>\n<p><span style=\"font-family: verdana, geneva; font-size: 16pt;\">Ihre Leistungsf\u00e4higkeit und Kreativit\u00e4t stagnieren, die Gesundheit leidet, die Krankheitsquote und Fluktuation steigen und die Loyalit\u00e4t schwindet. Es ist das pure wirtschaftliche Eigeninteresse eines Unternehmens, die Mitarbeiter durch ein ad\u00e4quates Personalmanagement einzubinden und durch gut geschulte F\u00fchrungskr\u00e4fte anzuleiten bzw. in die Eigenverantwortung und das Mitunternehmertum zu bringen.<\/span><\/p>\n<p>&nbsp;<\/p>\n<p><span style=\"font-family: verdana, geneva; font-size: 16pt;\">Ich analysiere Ihr komplettes Personalmanagement mit all seinen Facetten und durchleuchte Ihre F\u00fchrungssituation. In der Folge erarbeite ich mit ihnen zusammen ein auf Sie zugeschnittenes L\u00f6sungskonzept.<\/span><\/p>\n<p>&nbsp;<\/p>\n<p><span style=\"font-family: verdana, geneva; font-size: 16pt;\"><strong>Preise<\/strong><\/span><\/p>\n<p><span style=\"font-family: verdana, geneva; font-size: 16pt;\">120 ,- \u20ac zzgl. gesetzliche MwSt. pro Stunde<\/span><\/p>\n<p>&nbsp;<\/p>\n<p><span style=\"font-family: verdana, geneva; font-size: 16pt;\"><strong>Buchung<\/strong><\/span><\/p>\n<p><span style=\"font-family: verdana, geneva; font-size: 16pt;\">Bitte kontaktieren Sie mich unter office@marc-salzmann-marketing.de. Die Vertragsgestaltung ist, je nach Ihren W\u00fcnschen so unterschiedlich, dass sich an dieser Stelle keine Mustervertrag zum dowmload einstelle.<\/span><\/p>\n<p>&nbsp;<\/p>\n<p>&nbsp;<\/p>\n","protected":false},"excerpt":{"rendered":"<p>&nbsp; Der Mensch und sein Wert Von Geburt an hat der Mensch Wert. Diese Wahrheit scheint im Unternehmensalltag oft vergessen. Neben der moralischen Frage, ob dies so sein sollte, dr\u00fcckt aber auch die \u00f6konomische Realit\u00e4t: Unzufriedene und schlecht behandelte oder ineffektiv gef\u00fchrte Mitarbeiter sind der Unternehmung wenig n\u00fctzlich. &nbsp; &nbsp; Mensch und Wirtschaftlichkeit sind kein&hellip;<\/p>\n","protected":false},"author":1,"featured_media":0,"parent":0,"menu_order":0,"comment_status":"closed","ping_status":"closed","template":"","meta":{"footnotes":""},"class_list":["post-303","page","type-page","status-publish","hentry"],"_links":{"self":[{"href":"https:\/\/www.marc-salzmann-marketing.de\/index.php?rest_route=\/wp\/v2\/pages\/303","targetHints":{"allow":["GET"]}}],"collection":[{"href":"https:\/\/www.marc-salzmann-marketing.de\/index.php?rest_route=\/wp\/v2\/pages"}],"about":[{"href":"https:\/\/www.marc-salzmann-marketing.de\/index.php?rest_route=\/wp\/v2\/types\/page"}],"author":[{"embeddable":true,"href":"https:\/\/www.marc-salzmann-marketing.de\/index.php?rest_route=\/wp\/v2\/users\/1"}],"replies":[{"embeddable":true,"href":"https:\/\/www.marc-salzmann-marketing.de\/index.php?rest_route=%2Fwp%2Fv2%2Fcomments&post=303"}],"version-history":[{"count":16,"href":"https:\/\/www.marc-salzmann-marketing.de\/index.php?rest_route=\/wp\/v2\/pages\/303\/revisions"}],"predecessor-version":[{"id":759,"href":"https:\/\/www.marc-salzmann-marketing.de\/index.php?rest_route=\/wp\/v2\/pages\/303\/revisions\/759"}],"wp:attachment":[{"href":"https:\/\/www.marc-salzmann-marketing.de\/index.php?rest_route=%2Fwp%2Fv2%2Fmedia&parent=303"}],"curies":[{"name":"wp","href":"https:\/\/api.w.org\/{rel}","templated":true}]}}