{"id":168,"date":"2021-04-06T13:24:46","date_gmt":"2021-04-06T11:24:46","guid":{"rendered":"http:\/\/www.marc-salzmann-marketing.de\/?page_id=168"},"modified":"2024-05-29T23:30:25","modified_gmt":"2024-05-29T21:30:25","slug":"corona-coaching-2","status":"publish","type":"page","link":"https:\/\/www.marc-salzmann-marketing.de\/?page_id=168","title":{"rendered":"Die bitteren Jahre verarbeiten &#8211; Corona-Coaching f\u00fcr den Blick nach vorne"},"content":{"rendered":"<p>&nbsp;<\/p>\n<p><span style=\"font-family: verdana, geneva; font-size: 16pt;\"><strong>Corona als spannungsverursachende Lebensver\u00e4nderung<\/strong><\/span><\/p>\n<p><span style=\"font-family: verdana, geneva; font-size: 16pt;\">Die Corona-Situation bewegt viele Menschen in Deutschland. Dabei stehen wir dieser Krise nicht hilflos gegen\u00fcber und es liegt in unserer Hand, wie stark wir diese Ver\u00e4nderungen als Krise f\u00fcr uns definieren. Jede Situation ist auch Sache unserer Bewertung, unserer Resilienz und unserer eigenen Entwicklungsf\u00e4higkeit, auch wenn nat\u00fcrlich gewisse Rahmenbedingungen f\u00fcr uns gesetzt werden.<\/span><\/p>\n<p>&nbsp;<\/p>\n<div id=\"attachment_218\" style=\"width: 1034px\" class=\"wp-caption aligncenter\"><img loading=\"lazy\" decoding=\"async\" aria-describedby=\"caption-attachment-218\" class=\"wp-image-218 size-large\" src=\"https:\/\/www.marc-salzmann-marketing.de\/wp-content\/uploads\/2021\/04\/beach-1867364_1920-1024x682.jpg\" alt=\"\" width=\"1024\" height=\"682\" \/><p id=\"caption-attachment-218\" class=\"wp-caption-text\"><span style=\"font-family: verdana, geneva; font-size: 16pt;\">Den eigenen Weg finden<\/span><\/p><\/div>\n<p>&nbsp;<\/p>\n<p><span style=\"font-family: verdana, geneva; font-size: 16pt;\"><strong>Themen, die uns jetzt gerade bewegen<\/strong><\/span><\/p>\n<p><span style=\"font-family: verdana, geneva; font-size: 16pt;\">Nichtsdestotrotz stellt uns die Situation vor neue Herausforderungen. Themen, die uns besonders bewegen m\u00f6gen z.B. folgende sein:<\/span><\/p>\n<p>&nbsp;<\/p>\n<p><span style=\"font-family: verdana, geneva; font-size: 16pt;\">Was belastet mich besonders? Wie gehe ich mit der Stress-Situation um? Wie kann ich mich psychisch wappnen?<\/span><\/p>\n<p><span style=\"font-family: verdana, geneva; font-size: 16pt;\">Sollte ich mich beruflich umorientieren und etwas Neues wagen?<\/span><\/p>\n<p><span style=\"font-family: verdana, geneva; font-size: 16pt;\">Auf welche St\u00e4rken meiner Person kann ich bauen und wo bin ich unsicher?<\/span><\/p>\n<p><span style=\"font-family: verdana, geneva; font-size: 16pt;\">Was macht meine Pers\u00f6nlichkeit eigentlich aus?<\/span><\/p>\n<p><span style=\"font-family: verdana, geneva; font-size: 16pt;\">Was kann ich tun, um der Krise zu begegnen?<\/span><\/p>\n<p>&nbsp;<\/p>\n<p><span style=\"font-family: verdana, geneva; font-size: 16pt;\"><strong>F\u00fcr wen dieses Coaching gedacht ist<\/strong><\/span><\/p>\n<p><span style=\"font-family: verdana, geneva; font-size: 16pt;\">Dieses Coaching-Angebot richtet sich an Privatpersonen, die in der jetztigen Situation obige Fragen f\u00fcr sich beantworten wollen.\u00a0 Mein Coaching kann Ihnen helfen, sich selbst gewahr zu werden, wie es genau um Sie, Ihren Weg und Ihre Situation bestellt ist. Diese Selbstreflexion hilft Ihnen erst einmal zu erkennen, wo Sie eigentlich stehen, welcher Typ Sie sind und welche St\u00e4rken Sie in sich tragen, die es zu aktivieren gilt. Auch k\u00f6nnen wir zusammen Wege zur Entspannung und gr\u00f6\u00dferen Stressresistenz finden. Das Corona-Coaching dient somit als Hilfestellung in dieser schweren Zeit und als Orientierungshilfe. Zudem stelle ich Ihnen Modelle und Instrumente vor, mit welchen Sie z.B. psychische Widerstandsf\u00e4higkeit aufbauen oder sich Einsicht \u00fcber Ihre beruflichen M\u00f6glichkeiten verschaffen k\u00f6nnen. Auch Themen wie self leadership, Achtsamkeit, Selbstbeobachtung oder Affirmationen k\u00f6nnen hier hilfreich eingesetzt werden.<\/span><\/p>\n<p>&nbsp;<\/p>\n<p><span style=\"font-family: verdana, geneva; font-size: 16pt;\">Ziel ist es, dass Sie gest\u00e4rkt den Herausforderungen dieser Zeit begegnen und auch in die Handlung kommen k\u00f6nnen.<\/span><\/p>\n<p>&nbsp;<\/p>\n<p><span style=\"font-family: verdana, geneva; font-size: 16pt;\"><strong>Preise<\/strong><\/span><\/p>\n<p><span style=\"color: #ff0000; font-family: verdana, geneva; font-size: 16pt;\"><span style=\"color: #00ff00;\">Ich beobachte die Wirkungen der Corona-Krise mit gro\u00dfer Sorge. Ich m\u00f6chte meinen positiven Beitrag f\u00fcr die Gesellschaft und die Betroffenen an dieser Stelle einbringen. Aus diesem Grund betr\u00e4gt mein Honorar hier 50% der normalen Coachings.<\/span><br \/>\n<\/span><\/p>\n<p><span style=\"font-family: verdana, geneva; font-size: 16pt;\">55,- \u20ac zzgl. gesetzlicher MwSt. pro Stunde<\/span><\/p>\n<p>&nbsp;<\/p>\n<p><span style=\"font-family: verdana, geneva; font-size: 16pt;\"><strong>Buchung<\/strong><\/span><\/p>\n<p><span style=\"font-family: verdana, geneva; font-size: 16pt;\">Buchen Sie einfach, indem Sie das untenstehende Formular ausf\u00fcllen, unterschreiben und scannen und mir per email unter <a href=\"mailto:office@marc-salzmann-marketing.de\">office@marc-salzmann-marketing.de<\/a> zusenden, am besten gleich mit Ihren Terminw\u00fcnschen. Wir finden dann einen Termin. Ich coache in der Woche normalerweise Mo, Mi, Do und F r &#8211; Sonderabsprachen sind ggf. m\u00f6glich.<\/span><\/p>\n<p>&nbsp;<\/p>\n<p><span style=\"font-family: verdana, geneva; font-size: 16pt;\"><strong>Download des Vertrages<\/strong><\/span><\/p>\n<p><span style=\"font-family: verdana, geneva; font-size: 16pt;\"><a href=\"https:\/\/www.marc-salzmann-marketing.de\/wp-content\/uploads\/2021\/04\/MarcSalzmannVertragCoachingResilienz.pdf\">MarcSalzmannVertragCoachingResilienz<\/a><\/span><\/p>\n","protected":false},"excerpt":{"rendered":"<p>&nbsp; Corona als spannungsverursachende Lebensver\u00e4nderung Die Corona-Situation bewegt viele Menschen in Deutschland. Dabei stehen wir dieser Krise nicht hilflos gegen\u00fcber und es liegt in unserer Hand, wie stark wir diese Ver\u00e4nderungen als Krise f\u00fcr uns definieren. Jede Situation ist auch Sache unserer Bewertung, unserer Resilienz und unserer eigenen Entwicklungsf\u00e4higkeit, auch wenn nat\u00fcrlich gewisse Rahmenbedingungen f\u00fcr&hellip;<\/p>\n","protected":false},"author":1,"featured_media":0,"parent":0,"menu_order":0,"comment_status":"closed","ping_status":"closed","template":"","meta":{"footnotes":""},"class_list":["post-168","page","type-page","status-publish","hentry"],"_links":{"self":[{"href":"https:\/\/www.marc-salzmann-marketing.de\/index.php?rest_route=\/wp\/v2\/pages\/168","targetHints":{"allow":["GET"]}}],"collection":[{"href":"https:\/\/www.marc-salzmann-marketing.de\/index.php?rest_route=\/wp\/v2\/pages"}],"about":[{"href":"https:\/\/www.marc-salzmann-marketing.de\/index.php?rest_route=\/wp\/v2\/types\/page"}],"author":[{"embeddable":true,"href":"https:\/\/www.marc-salzmann-marketing.de\/index.php?rest_route=\/wp\/v2\/users\/1"}],"replies":[{"embeddable":true,"href":"https:\/\/www.marc-salzmann-marketing.de\/index.php?rest_route=%2Fwp%2Fv2%2Fcomments&post=168"}],"version-history":[{"count":44,"href":"https:\/\/www.marc-salzmann-marketing.de\/index.php?rest_route=\/wp\/v2\/pages\/168\/revisions"}],"predecessor-version":[{"id":821,"href":"https:\/\/www.marc-salzmann-marketing.de\/index.php?rest_route=\/wp\/v2\/pages\/168\/revisions\/821"}],"wp:attachment":[{"href":"https:\/\/www.marc-salzmann-marketing.de\/index.php?rest_route=%2Fwp%2Fv2%2Fmedia&parent=168"}],"curies":[{"name":"wp","href":"https:\/\/api.w.org\/{rel}","templated":true}]}}

Die bitteren Jahre verarbeiten &#8211; Corona-Coaching für den Blick nach vorne

<p>&nbsp;</p>
<p><span style="font-family: verdana, geneva; font-size: 16pt;"><strong>Corona als spannungsverursachende Lebensveränderung</strong></span></p>
<p><span style="font-family: verdana, geneva; font-size: 16pt;">Die Corona-Situation bewegt viele Menschen in Deutschland. Dabei stehen wir dieser Krise nicht hilflos gegenüber und es liegt in unserer Hand, wie stark wir diese Veränderungen als Krise für uns definieren. Jede Situation ist auch Sache unserer Bewertung, unserer Resilienz und unserer eigenen Entwicklungsfähigkeit, auch wenn natürlich gewisse Rahmenbedingungen für uns gesetzt werden.</span></p>
<p>&nbsp;</p>
<div id="attachment_218" style="width: 1034px" class="wp-caption aligncenter"><img loading="lazy" decoding="async" aria-describedby="caption-attachment-218" class="wp-image-218 size-large" src="https://www.marc-salzmann-marketing.de/wp-content/uploads/2021/04/beach-1867364_1920-1024x682.jpg" alt="" width="1024" height="682" /><p id="caption-attachment-218" class="wp-caption-text"><span style="font-family: verdana, geneva; font-size: 16pt;">Den eigenen Weg finden</span></p></div>
<p>&nbsp;</p>
<p><span style="font-family: verdana, geneva; font-size: 16pt;"><strong>Themen, die uns jetzt gerade bewegen</strong></span></p>
<p><span style="font-family: verdana, geneva; font-size: 16pt;">Nichtsdestotrotz stellt uns die Situation vor neue Herausforderungen. Themen, die uns besonders bewegen mögen z.B. folgende sein:</span></p>
<p>&nbsp;</p>
<p><span style="font-family: verdana, geneva; font-size: 16pt;">Was belastet mich besonders? Wie gehe ich mit der Stress-Situation um? Wie kann ich mich psychisch wappnen?</span></p>
<p><span style="font-family: verdana, geneva; font-size: 16pt;">Sollte ich mich beruflich umorientieren und etwas Neues wagen?</span></p>
<p><span style="font-family: verdana, geneva; font-size: 16pt;">Auf welche Stärken meiner Person kann ich bauen und wo bin ich unsicher?</span></p>
<p><span style="font-family: verdana, geneva; font-size: 16pt;">Was macht meine Persönlichkeit eigentlich aus?</span></p>
<p><span style="font-family: verdana, geneva; font-size: 16pt;">Was kann ich tun, um der Krise zu begegnen?</span></p>
<p>&nbsp;</p>
<p><span style="font-family: verdana, geneva; font-size: 16pt;"><strong>Für wen dieses Coaching gedacht ist</strong></span></p>
<p><span style="font-family: verdana, geneva; font-size: 16pt;">Dieses Coaching-Angebot richtet sich an Privatpersonen, die in der jetztigen Situation obige Fragen für sich beantworten wollen.  Mein Coaching kann Ihnen helfen, sich selbst gewahr zu werden, wie es genau um Sie, Ihren Weg und Ihre Situation bestellt ist. Diese Selbstreflexion hilft Ihnen erst einmal zu erkennen, wo Sie eigentlich stehen, welcher Typ Sie sind und welche Stärken Sie in sich tragen, die es zu aktivieren gilt. Auch können wir zusammen Wege zur Entspannung und größeren Stressresistenz finden. Das Corona-Coaching dient somit als Hilfestellung in dieser schweren Zeit und als Orientierungshilfe. Zudem stelle ich Ihnen Modelle und Instrumente vor, mit welchen Sie z.B. psychische Widerstandsfähigkeit aufbauen oder sich Einsicht über Ihre beruflichen Möglichkeiten verschaffen können. Auch Themen wie self leadership, Achtsamkeit, Selbstbeobachtung oder Affirmationen können hier hilfreich eingesetzt werden.</span></p>
<p>&nbsp;</p>
<p><span style="font-family: verdana, geneva; font-size: 16pt;">Ziel ist es, dass Sie gestärkt den Herausforderungen dieser Zeit begegnen und auch in die Handlung kommen können.</span></p>
<p>&nbsp;</p>
<p><span style="font-family: verdana, geneva; font-size: 16pt;"><strong>Preise</strong></span></p>
<p><span style="color: #ff0000; font-family: verdana, geneva; font-size: 16pt;"><span style="color: #00ff00;">Ich beobachte die Wirkungen der Corona-Krise mit großer Sorge. Ich möchte meinen positiven Beitrag für die Gesellschaft und die Betroffenen an dieser Stelle einbringen. Aus diesem Grund beträgt mein Honorar hier 50% der normalen Coachings.</span><br />
</span></p>
<p><span style="font-family: verdana, geneva; font-size: 16pt;">55,- € zzgl. gesetzlicher MwSt. pro Stunde</span></p>
<p>&nbsp;</p>
<p><span style="font-family: verdana, geneva; font-size: 16pt;"><strong>Buchung</strong></span></p>
<p><span style="font-family: verdana, geneva; font-size: 16pt;">Buchen Sie einfach, indem Sie das untenstehende Formular ausfüllen, unterschreiben und scannen und mir per email unter <a href="mailto:office@marc-salzmann-marketing.de">office@marc-salzmann-marketing.de</a> zusenden, am besten gleich mit Ihren Terminwünschen. Wir finden dann einen Termin. Ich coache in der Woche normalerweise Mo, Mi, Do und F r &#8211; Sonderabsprachen sind ggf. möglich.</span></p>
<p>&nbsp;</p>
<p><span style="font-family: verdana, geneva; font-size: 16pt;"><strong>Download des Vertrages</strong></span></p>
<p><span style="font-family: verdana, geneva; font-size: 16pt;"><a href="https://www.marc-salzmann-marketing.de/wp-content/uploads/2021/04/MarcSalzmannVertragCoachingResilienz.pdf">MarcSalzmannVertragCoachingResilienz</a></span></p>

<p>&nbsp; Corona als spannungsverursachende Lebensveränderung Die Corona-Situation bewegt viele Menschen in Deutschland. Dabei stehen wir dieser Krise nicht hilflos gegenüber und es liegt in unserer Hand, wie stark wir diese Veränderungen als Krise für uns definieren. Jede Situation ist auch Sache unserer Bewertung, unserer Resilienz und unserer eigenen Entwicklungsfähigkeit, auch wenn natürlich gewisse Rahmenbedingungen für&hellip;</p>
