{"id":12,"date":"2021-03-23T16:50:24","date_gmt":"2021-03-23T15:50:24","guid":{"rendered":"http:\/\/www.marc-salzmann-marketing.de\/?page_id=12"},"modified":"2021-09-15T01:35:15","modified_gmt":"2021-09-14T23:35:15","slug":"ueber-uns","status":"publish","type":"page","link":"https:\/\/www.marc-salzmann-marketing.de\/?page_id=12","title":{"rendered":"\u00dcber mich als Mensch"},"content":{"rendered":"\r\n<p>&nbsp;<\/p>\r\n<p><span style=\"font-family: verdana, geneva; font-size: 16pt;\"><strong>Wie mein Weg begann<\/strong><\/span><\/p>\r\n<p><span style=\"font-family: verdana, geneva; font-size: 16pt;\">Schon in der Schulzeit war ich der, bei dem oft Rat und Gespr\u00e4ch gesucht wurden &#8211; vielleicht weil ich vertrauensw\u00fcrdig oder empathisch erschien &#8211; ich kann es heute nicht mehr genau sagen. Auch war ich immer der, der etwas zu sagen hatte, w\u00e4hrend andere nicht wagten, z.B. vor der Klasse zu sprechen oder ein hei\u00dfes Thema zu diskutieren. Im Laufe des Erwachsen-Werdens wurde mir gewahr, dass diese Eigenschaften St\u00e4rken waren, die es zu entwickeln galt.<\/span><\/p>\r\n<p>&nbsp;<\/p>\r\n<div id=\"attachment_744\" style=\"width: 794px\" class=\"wp-caption aligncenter\"><img loading=\"lazy\" decoding=\"async\" aria-describedby=\"caption-attachment-744\" class=\"wp-image-744 size-large\" src=\"https:\/\/www.marc-salzmann-marketing.de\/wp-content\/uploads\/2021\/08\/IMG_20210809_184607-784x1024.jpg\" alt=\"\" width=\"784\" height=\"1024\" \/><p id=\"caption-attachment-744\" class=\"wp-caption-text\"><\/span> <span style=\"font-size: 16pt;\">Der Mensch hinter MSM<\/span><\/p><\/div>\r\n<p><span style=\"font-family: verdana, geneva; font-size: 16pt;\"><strong>Heute<\/strong><\/span><\/p>\r\n<p><span style=\"font-family: verdana, geneva; font-size: 16pt;\">Diesen Weg setze ich nun als Coach und Consultant fort. Hierbei greife ich zudem auf eine reichhaltige Berufserfahrung in verschiedenen Branchen sowohl als Mitarbeiter als auch als langj\u00e4hrige F\u00fchrungskraft zur\u00fcck.<\/span><\/p>\r\n<p>&nbsp;<\/p>\r\n<p><span style=\"font-family: verdana, geneva; font-size: 16pt;\">Als <strong>Diplom-\u00d6konom<\/strong> und <strong>zertifizierter individualpsychologischer Managementtrainer und Business Coach<\/strong> weise ich ein fundiertes Fachwissen und eine gro\u00dfe Palette an Methoden auf, die ich f\u00fcr Sie gewinnbringend f\u00fcr Ihre pers\u00f6nliche Entwicklung oder die Entwicklung Ihres Unternehmens einsetze.<\/span><\/p>\r\n<p>&nbsp;<\/p>\r\n<p><span style=\"font-family: verdana, geneva; font-size: 16pt;\">Als <strong>zertifizierter Karate-Trainer<\/strong> lasse ich zudem sportliche und philosophische Aspekte einflie\u00dfen, die meine Coachings, Trainings und Seminare einzigartig werden lassen.<\/span><\/p>\r\n<p>&nbsp;<\/p>\r\n<div id=\"attachment_440\" style=\"width: 628px\" class=\"wp-caption aligncenter\"><img loading=\"lazy\" decoding=\"async\" aria-describedby=\"caption-attachment-440\" class=\"wp-image-440 size-full\" src=\"https:\/\/www.marc-salzmann-marketing.de\/wp-content\/uploads\/2021\/04\/weg_der_leeren_haende2-scaled-e1619991765532.jpg\" alt=\"\" width=\"618\" height=\"464\" \/><p id=\"caption-attachment-440\" class=\"wp-caption-text\"><\/span> <span style=\"font-family: verdana, geneva; font-size: 16pt;\">Kampfkunst und Coaching als neuer Weg im Leben<\/span><\/p><\/div>\r\n<p>&nbsp;<\/p>\r\n<p><span style=\"font-family: verdana, geneva; font-size: 16pt;\"><strong>Was meinen Charakter auszeichnet<\/strong><\/span><\/p>\r\n<p><span style=\"font-family: verdana, geneva; font-size: 16pt;\">Ich bin ein offener Mensch, der auf Augenh\u00f6he und wertsch\u00e4tzend mit Ihnen kommuniziert. Ich wirke dabei positiv, humorvoll und aufbauend. Absolute Vertraulichkeit und eine angenehme Atmosph\u00e4re f\u00fcr den Klienten sind f\u00fcr mich das A und O. Durch meine Kommunikationsst\u00e4rke kann ich Sie sicher durch den Prozess des Coachings, Trainings oder der Beratungen f\u00fchren. Auch meine didaktische Erfahrung und meine an Sie weitergegebenen Praxisberichte helfen hierbei sehr.<\/span><\/p>\r\n<p>&nbsp;<\/p>\r\n<p><span style=\"font-family: verdana, geneva; font-size: 16pt;\">Ansonsten bin ich Freidenker, Hobby-Musiker, Lyriker, Kampfsportler und Aquarianer in einem. Man sagt mir eine gro\u00dfe Prise Humor und Energiegeladenheit nach. Mit mir wird es nie langweilig.<\/span><\/p>\r\n<p>&nbsp;<\/p>\r\n<p><span style=\"font-family: verdana, geneva; font-size: 16pt;\"><strong>Meine beruflichen Stationen<\/strong><\/span><\/p>\r\n<p><span style=\"font-family: verdana, geneva; font-size: 16pt;\">Ich kann sagen, dass ich aus einer Vielzahl verschiedener beruflicher Erfahrungen in diversen Branchen sch\u00f6pfe. U. a. habe ich im<\/span><\/p>\r\n<ul>\r\n<li><span style=\"font-family: verdana, geneva; font-size: 16pt;\">Hochwasserschutz<\/span><\/li>\r\n<li><span style=\"font-family: verdana, geneva; font-size: 16pt;\">der Branche der regenerativen Energien<\/span><\/li>\r\n<li><span style=\"font-family: verdana, geneva; font-size: 16pt;\">dem Bildungssektor und dem Schulwesen<\/span><\/li>\r\n<li><span style=\"font-family: verdana, geneva; font-size: 16pt;\">der Universit\u00e4t<\/span><\/li>\r\n<li><span style=\"font-family: verdana, geneva; font-size: 16pt;\">der Eventszene<\/span><\/li>\r\n<li><span style=\"font-family: verdana, geneva; font-size: 16pt;\">der Freizeit- und Zoobranche<\/span><\/li>\r\n<li><span style=\"font-family: verdana, geneva; font-size: 16pt;\">im Au\u00dfendienst f\u00fcr den Handel<\/span><\/li>\r\n<\/ul>\r\n<p><span style=\"font-family: verdana, geneva; font-size: 16pt;\">gearbeitet.<\/span><\/p>\r\n<p>&nbsp;<\/p>\r\n<p><span style=\"font-family: verdana, geneva; font-size: 16pt;\">Dies verleiht mir einen sehr breiten Blickwinkel und Erfahrungshorizont, den viele andere Menschen nicht aufweisen. Dadurch kann ich analytischer und kreativer arbeiten.<\/span><\/p>\r\n<p>&nbsp;<\/p>\r\n<p><span style=\"font-family: verdana, geneva; font-size: 16pt;\"><strong>Der Weg (&#8222;Do&#8220;)<\/strong><\/span><\/p>\r\n<p><span style=\"font-family: verdana, geneva; font-size: 16pt;\">Den Weg zu finden und zu gehen ist ein wichtiges, wiederkehrendes Thema dieser Seite und meiner Arbeit. Der &#8222;Do&#8220; ist in der Kampfkunst der Prozess der st\u00e4ndigen Verbesserung der Kunst, also seiner menschlichen T\u00e4tigkeiten und Arbeiten. Viel mehr noch, beim &#8222;Do&#8220; geht es sogar um die st\u00e4ndige Verbesserung des Charakters eines Menschen &#8211; etwas, was sich wunderbar mit der positiven Botschaft der Individualpsychologie verbinden l\u00e4\u00dft.\u00a0 Diese Botschaft kann man wie folgt interpretieren: &#8222;Reflektiere dich selbst, dann bist du immer in der Freiheit, dich selbst zum Guten zu ver\u00e4ndern.&#8220;<\/span><\/p>\r\n<p>&nbsp;<\/p>\r\n<p><span style=\"font-family: verdana, geneva; font-size: 16pt;\"><strong>Die M\u00f6we<\/strong><\/span><\/p>\r\n<p><span style=\"font-family: verdana, geneva; font-size: 16pt;\">Sie ist das Zeichen dieser Seite und meiner T\u00e4tigkeit. F\u00fcr mich symbolisiert sie die Freiheit, den scharfen Blick auf die Dinge, Beweglichkeit und Flexibilit\u00e4t und die Leichtgkeit des Seins.<\/span><\/p>\r\n<p>&nbsp;<\/p>\r\n<p><span style=\"font-family: verdana, geneva; font-size: 16pt;\">All diese Dinge spielen auch in meiner T\u00e4tigkeit eine Rolle. Der scharfe Blick ist beispielsweise in der Analyse einer Firmen- und Produktstruktur essentiell, um eine Standortbestimmung durchzuf\u00fchren. Die Leichtigkeit des Seins ist etwas, was wir in einem Coaching lernen k\u00f6nnen, wenn uns Stress und Unsicherheit plagen. Die wirtschaftliche Freiheit, uns nach unseren W\u00fcnschen und Potenzialen zu bewegen, ist der Schl\u00fcssel f\u00fcr Zufriedenheit und Erfolg etc..<\/span><\/p>\r\n<p>&nbsp;<\/p>\r\n<p><span style=\"font-family: verdana, geneva; font-size: 16pt;\">Die M\u00f6we findet ihren Weg.<\/span><\/p>\r\n","protected":false},"excerpt":{"rendered":"<p>&nbsp; Wie mein Weg begann Schon in der Schulzeit war ich der, bei dem oft Rat und Gespr\u00e4ch gesucht wurden &#8211; vielleicht weil ich vertrauensw\u00fcrdig oder empathisch erschien &#8211; ich kann es heute nicht mehr genau sagen. Auch war ich immer der, der etwas zu sagen hatte, w\u00e4hrend andere nicht wagten, z.B. vor der Klasse&hellip;<\/p>\n","protected":false},"author":1,"featured_media":0,"parent":0,"menu_order":0,"comment_status":"closed","ping_status":"closed","template":"","meta":{"footnotes":""},"class_list":["post-12","page","type-page","status-publish","hentry"],"_links":{"self":[{"href":"https:\/\/www.marc-salzmann-marketing.de\/index.php?rest_route=\/wp\/v2\/pages\/12","targetHints":{"allow":["GET"]}}],"collection":[{"href":"https:\/\/www.marc-salzmann-marketing.de\/index.php?rest_route=\/wp\/v2\/pages"}],"about":[{"href":"https:\/\/www.marc-salzmann-marketing.de\/index.php?rest_route=\/wp\/v2\/types\/page"}],"author":[{"embeddable":true,"href":"https:\/\/www.marc-salzmann-marketing.de\/index.php?rest_route=\/wp\/v2\/users\/1"}],"replies":[{"embeddable":true,"href":"https:\/\/www.marc-salzmann-marketing.de\/index.php?rest_route=%2Fwp%2Fv2%2Fcomments&post=12"}],"version-history":[{"count":43,"href":"https:\/\/www.marc-salzmann-marketing.de\/index.php?rest_route=\/wp\/v2\/pages\/12\/revisions"}],"predecessor-version":[{"id":750,"href":"https:\/\/www.marc-salzmann-marketing.de\/index.php?rest_route=\/wp\/v2\/pages\/12\/revisions\/750"}],"wp:attachment":[{"href":"https:\/\/www.marc-salzmann-marketing.de\/index.php?rest_route=%2Fwp%2Fv2%2Fmedia&parent=12"}],"curies":[{"name":"wp","href":"https:\/\/api.w.org\/{rel}","templated":true}]}}